35 - (-1 + 4))/((-69)/1886)?
7
Suppose -762*p + 1270970 = -4149898. What is the tens digit of p?
1
Let t = -351 + 732. Suppose 0 = -4*o - z + 2323, -5*o + 1028 = -2*z - 1879. Let u = o - t. What is the hundreds digit of u?
2
Let j(f) = 2262*f**2 - 105*f + 213. What is the hundreds digit of j(2)?
0
Let s be (-176)/(-40) + (-3)/(45/6). Suppose -s*k = -4*m - 1320, 5*m - 3*m - 330 = -k. What is the units digit of k?
0
Let d be (-13)/(52/(-1944)) - 2. Let b = d - 265. What is the units digit of b?
9
Suppose 3750 - 12329 = 3*c - 56831. What is the ten thousands digit of c?
1
Suppose 3*s - 5 = 16. Suppose -12*k + s*k + 25 = -h, 0 = k + 5*h + 21. Suppose -45 - 207 = -k*x. What is the units digit of x?
3
Suppose 0 = 4*z - 4*g - 2683 + 779, 5*z = -g + 2404. Suppose 152 = 2*i + z. Let j = -79 - i. What is the tens digit of j?
8
Let c(f) = -5*f. Let p be c(0). Suppose p*m - 840 = -10*m. Let u = m + -33. What is the tens digit of u?
5
Suppose 534336 = 201*b - 137*b. What is the thousands digit of b?
8
Let c = 574 + -575. What is the units digit of (-4846)/(-25)*5 - c/(-5)?
9
Let i(c) = c**2 + 34*c - 6. Let v(z) = -2*z**2 - 101*z + 18. Let k(w) = 8*i(w) + 3*v(w). Let m be k(9). Let j = m + 208. What is the units digit of j?
7
Let h(k) = -k**2 - 8*k - 7. Let q = -20 + 14. Let g be h(q). Let t = 15 - g. What is the tens digit of t?
1
Let d be (-14 - -14)*((-2)/3 - -1). Suppose 28*v - 16303 - 8925 = d. What is the tens digit of v?
0
Let c(x) = 103*x**2 - x - 2. Let q(l) be the second derivative of -17*l**4/2 + l**2 - 13*l. Let g(w) = -3*c(w) - 4*q(w). What is the units digit of g(1)?
0
Let z = 91044 - 24889. What is the ten thousands digit of z?
6
Suppose 1437*u - 1428*u = 81. Suppose 0 = u*l - 21353 + 6026. What is the thousands digit of l?
1
Let z = 17481 - 2793. Suppose -8*k = -26*k + z. What is the units digit of k?
6
Let d be (325/10)/13*(-114)/15. What is the tens digit of (25/(-3))/(d/57)?
2
Let i(p) = 16*p**2 + 12*p + 61. Suppose -z + 5 = -2*m + 14, 4*z - 5*m + 30 = 0. What is the units digit of i(z)?
1
Let p = -35851 + 56312. What is the units digit of p?
1
Suppose -333 + 313 = 5*c. What is the tens digit of (74/4)/(-7*c/280)?
8
Suppose 14 - 4 = 5*n. Suppose 299 + 411 = 2*i - n*z, -5*z = i - 343. What is the tens digit of i?
5
Let z be 188 - (14/(-4) + (-7)/14). Let h be -44*(4 + (-18)/4). Let u = z - h. What is the units digit of u?
0
Suppose -4*h + 257 = -887. Suppose n + 4*f - h = 113, 5*n - 2046 = -3*f. Suppose b + n = 4*b. What is the hundreds digit of b?
1
Let r(z) = -9809*z - 3111. What is the units digit of r(-3)?
6
Suppose 3*n + 9070 = 2*g, -2*g + 2717 = -n - 6365. What is the tens digit of g?
4
Suppose -10 = -3*w - 7, -582 = 4*i + 2*w. Let h = i - -282. What is the hundreds digit of h?
1
Suppose 0 = -52*w + 54*w + 2. Let v(c) = -7*c**3 - 2*c - 3. Let g be v(w). What is the units digit of ((-1104)/(-36))/(0 - (-4)/g)?
6
Suppose -3*x - 26121 = -3*k, k + 4*k - 4*x - 43535 = 0. What is the units digit of k?
7
Suppose -4*a + a = -30. Let i = 107 + a. What is the hundreds digit of i?
1
Let f(x) = x**3 - 14*x**2 + 19*x + 14. Let v be f(14). Let s = 162 - v. Let b = 208 + s. What is the units digit of b?
0
What is the units digit of (-4)/(-16)*(1 + 68143)?
6
Let a(y) = 154*y - 98. Let q be a(4). Let m = q - 162. What is the tens digit of m?
5
Suppose 8*c + 40 = 18*c. What is the tens digit of 582 + -1 - (-1 - c)?
8
What is the thousands digit of (-168)/(-196)*(-1122590)/(-21)?
5
Suppose -1136*v - 15624 = -1142*v. What is the units digit of v?
4
Let t be ((-4)/(-6) + -1)*(12 + -12). Suppose 2*m + 5*p - 636 = 0, t = -m + 5*p + 130 + 158. What is the hundreds digit of m?
3
Suppose 10*k + 4323 = -5297. Let b = k + 1450. What is the units digit of b?
8
Suppose -j - j + 28 = 0. Suppose 0 = 4*p - 17*h - 2846, -3*p + 0*p + 4*h = -2152. Suppose -23*l + p = -j*l. What is the tens digit of l?
8
What is the tens digit of (-56)/22 + 2 + 51319176/1243?
8
Suppose -2*s + 39 = 4*k - 535, 4*k - 589 = s. Let d be (2/(-4)*2)/((-2)/k). Let w = d - 9. What is the tens digit of w?
6
Suppose 2*d = -2*s + 12972 - 2546, 3*s = 4*d + 15590. What is the hundreds digit of s?
2
Suppose -610632 - 56876 = -19*f. What is the units digit of f?
2
Suppose 5010418 = -135*o - 27*o + 13253302. What is the units digit of o?
2
Suppose 3*c - 15 = 0, 0*u - c = -u - 37. Let t = 191 + u. Let i = -64 + t. What is the units digit of i?
5
What is the tens digit of ((-76100)/(-70))/((-6)/(-2*21))?
1
Let i(r) = -319*r + 7327. What is the tens digit of i(19)?
6
Suppose -36*f = -37*f + 189. Suppose -56*u = -i - 57*u + f, 0 = 5*i - 5*u - 975. What is the tens digit of i?
9
Suppose -27280 = -25*j + 22*j + 26603. What is the ten thousands digit of j?
1
Let x be (-21)/2*(-52)/39 - 0. What is the tens digit of (0 + x)/(1256/(-316) - -4)?
5
Let m = 97 - 130. Let n = m - -86. Let c = n + 8. What is the tens digit of c?
6
Let m be (-1678)/(-5) + (-42)/70. Suppose -9*k = -8*k - m. What is the tens digit of k?
3
Let w be 2/6 + (-1671)/(-9) + 5. Suppose -w = 3*q + 106. What is the units digit of (-2 - -11)/(-3) - q?
6
Let d(n) = 26*n**2 + 313*n + 10. Let p be d(-12). Suppose 5*i - 32 = 108. Let m = i - p. What is the units digit of m?
0
Let p = 507 - -730. Suppose d + 825 = 2*u, 2*u - d - p = -u. What is the units digit of u?
2
Suppose -2*b = 13 + 43. Let z = b - -28. Suppose 3*n - 81 - 303 = z. What is the tens digit of n?
2
Let v = 657 - 656. What is the hundreds digit of (-2100)/(-6) + v/(1/5)?
3
Let n = 564 - -290. Suppose -2*i + 316 + n = 0. What is the tens digit of i/15 + 0 + 0?
3
Let l(y) = 563*y**2 + 24*y - 60. Let g be l(8). Suppose 23*r + 859 = g. What is the hundreds digit of r?
5
Let d = -37 - -31. Let f be (-3)/6*(d + -20). Suppose -12*t = -f*t + 68. What is the tens digit of t?
6
Suppose 6*a - 12*a = -90. Let p = -35 + 31. What is the units digit of 0 - p/(-6) - (-2020)/a?
4
Let i(m) = -m. Let j(s) = -s**2 - 60*s + 15. Let n(p) = 4*i(p) - j(p). Let y(o) be the first derivative of n(o). What is the tens digit of y(0)?
5
Let j(h) be the second derivative of 2/3*h**3 + 11*h - 3/2*h**2 + 0. What is the units digit of j(2)?
5
Let d(m) = m**3 + 14*m**2 + 12*m - 10. Let j be d(-13). Let h be j/(3/(-10) + 0). Let u(a) = -9*a - 20. What is the units digit of u(h)?
0
Let a(k) = -k - 1. Let u be a(-6). Suppose -u*m + 300 = 910. Let g = 39 - m. What is the hundreds digit of g?
1
Let f(m) = m**2 + 2*m - 9. Let n be f(0). Let b = 51 - n. Suppose 4*d - 204 = -b. What is the tens digit of d?
3
Let f be (-20 - -14)/(-1 + 0). What is the hundreds digit of 925/(-10)*(-3)/5*f?
3
What is the units digit of 13306*26/39*3/2?
6
Let w(c) = 17*c. Let h be w(22). Let k = 185 + 34. Let b = h - k. What is the units digit of b?
5
Let p(x) = 80*x**3 + 12*x**2 - 71*x + 20. What is the hundreds digit of p(5)?
9
Let s(d) = -d**3 + 5*d**2 + 5*d + 8. Let t be s(6). Suppose -3*z + 5*h = -128, -z + t*z + 3*h - 52 = 0. Suppose -8*r = z - 286. What is the units digit of r?
0
Let b = 143 - 171. Let t(v) = -v**2 - 36*v - 54. Let z be t(b). Let l = -108 + z. What is the tens digit of l?
6
Suppose -29*a = -25*a + 140. Let w = 33 + a. What is the units digit of (4/3)/w - 474/(-9)?
2
Suppose -1130653 - 4396955 = -109*p. What is the thousands digit of p?
0
Suppose 0*d + 24 = 3*d + 5*x, 2*x = 6. Suppose d*h - 5*f - 3597 = 0, 0 = -2*h - 2*h - 3*f + 4825. What is the hundreds digit of h?
2
Let n = 44838 + -15371. What is the units digit of n?
7
Let r(n) = n**2 - 38*n + 531. What is the ten thousands digit of r(-97)?
1
Let i = 49 + -45. Suppose -4*q - g - 1 = 0, 0 = 5*q - 3*g - 1 - 2. Suppose 3*o - i*f - 333 = q, -2*f - 111 = -o + f. What is the hundreds digit of o?
1
Suppose -20 = -4*t, 4*s - 2*t - 50828 - 20954 = 0. What is the hundreds digit of s?
9
Suppose -942*p = -945*p + 38904. What is the tens digit of p?
6
Let h be (11 - 4/4) + -1 + -1. Suppose -u = 2*x - 692, -7*x + 2*u = -h*x + 343. What is the units digit of x?
7
Let d be ((-15)/5)/6*330. Let w = -42 - d. Suppose 0 = 5*z + 3*o - 597, -5*o = -z - 2*o + w. What is the tens digit of z?
2
Suppose -3*o - 3 = 0, v - 6*v - 41 = -4*o. What is the units digit of v*((-192)/6 - 4)?
4
What is the thousands digit of (9/(-24))/(2/(-36976)*1)?
6
Let a = 37 - -20. Let x = -57 + a. Suppose 2*c = -